 and 48.
16
Calculate the highest common divisor of 689 and 106.
53
What is the highest common divisor of 74 and 1258?
74
Calculate the greatest common divisor of 597 and 3.
3
Calculate the greatest common factor of 46 and 2599.
23
What is the greatest common factor of 24 and 2136?
24
Calculate the greatest common factor of 70893 and 9.
9
What is the highest common factor of 1 and 2999?
1
What is the highest common factor of 2595 and 45?
15
What is the greatest common factor of 348 and 1624?
116
Calculate the highest common divisor of 28 and 21.
7
Calculate the highest common factor of 14 and 166.
2
Calculate the greatest common factor of 76 and 3002.
38
What is the greatest common divisor of 248 and 217?
31
Calculate the greatest common divisor of 15 and 35.
5
What is the greatest common divisor of 13 and 260?
13
Calculate the highest common divisor of 18640 and 32.
16
What is the highest common factor of 68 and 3587?
17
What is the greatest common divisor of 689 and 212?
53
What is the highest common factor of 4141 and 707?
101
Calculate the highest common divisor of 29 and 116.
29
What is the greatest common factor of 88 and 584?
8
What is the greatest common divisor of 222 and 312?
6
Calculate the greatest common factor of 1817 and 316.
79
Calculate the highest common factor of 72 and 8.
8
What is the greatest common factor of 25 and 75?
25
Calculate the highest common factor of 26 and 793.
13
Calculate the greatest common divisor of 2303 and 47.
47
Calculate the highest common divisor of 96 and 204.
12
Calculate the highest common divisor of 14 and 14.
14
Calculate the highest common divisor of 375 and 1200.
75
Calculate the greatest common divisor of 27 and 2565.
27
What is the highest common divisor of 63 and 303?
3
What is the greatest common factor of 350 and 100?
50
Calculate the highest common divisor of 1070 and 10.
10
Calculate the highest common factor of 8208 and 208.
16
What is the greatest common divisor of 1205 and 4097?
241
What is the greatest common factor of 260 and 858?
26
Calculate the highest common factor of 43 and 2967.
43
Calculate the highest common divisor of 4377 and 3.
3
Calculate the highest common factor of 15327 and 117.
117
What is the greatest common divisor of 64 and 6400?
64
Calculate the greatest common divisor of 73 and 19637.
73
What is the highest common factor of 1064 and 56?
56
What is the highest common divisor of 236 and 4?
4
What is the highest common divisor of 748 and 2431?
187
What is the highest common divisor of 2 and 52?
2
Calculate the greatest common factor of 1333 and 2232.
31
Calculate the highest common factor of 295 and 10.
5
Calculate the highest common factor of 10 and 695.
5
What is the greatest common factor of 14 and 938?
14
Calculate the greatest common factor of 35 and 77.
7
Calculate the highest common divisor of 17 and 15793.
17
Calculate the highest common factor of 240 and 120.
120
Calculate the greatest common factor of 11 and 11.
11
What is the greatest common divisor of 26 and 273?
13
Calculate the greatest common factor of 8475 and 113.
113
What is the highest common factor of 96 and 216?
24
What is the greatest common divisor of 4 and 1324?
4
What is the highest common divisor of 232 and 841?
29
Calculate the highest common divisor of 84 and 966.
42
Calculate the highest common factor of 55 and 11.
11
Calculate the highest common factor of 4199 and 456.
19
Calculate the highest common divisor of 35 and 2177.
7
What is the highest common divisor of 31 and 3751?
31
Calculate the highest common divisor of 325 and 91.
13
What is the greatest common factor of 3149 and 134?
67
Calculate the greatest common factor of 133 and 3287.
19
Calculate the highest common divisor of 915 and 15.
15
Calculate the highest common factor of 465 and 4805.
155
What is the greatest common factor of 90 and 7065?
45
What is the highest common factor of 90 and 2060?
10
Calculate the greatest common factor of 512 and 64.
64
What is the greatest common factor of 7 and 259?
7
Calculate the highest common factor of 287 and 49.
7
What is the greatest common divisor of 8 and 3912?
8
Calculate the highest common factor of 456 and 1140.
228
What is the greatest common divisor of 75 and 60?
15
Calculate the highest common divisor of 14 and 224.
14
Calculate the greatest common divisor of 495 and 4895.
55
What is the highest common factor of 140 and 1740?
20
Calculate the highest common factor of 456 and 15276.
228
What is the greatest common divisor of 2255 and 495?
55
Calculate the highest common factor of 3663 and 37.
37
Calculate the greatest common divisor of 36 and 738.
18
Calculate the highest common divisor of 196 and 28.
28
What is the greatest common factor of 85 and 629?
17
Calculate the greatest common factor of 97 and 194.
97
What is the highest common divisor of 126 and 476?
14
What is the highest common divisor of 2048 and 384?
128
What is the greatest common divisor of 385 and 35?
35
What is the highest common divisor of 9 and 7?
1
Calculate the highest common factor of 210 and 160.
10
What is the highest common factor of 12 and 24?
12
Calculate the highest common divisor of 296 and 1739.
37
Calculate the highest common divisor of 343 and 10.
1
Calculate the greatest common divisor of 95 and 1715.
5
Calculate the greatest common factor of 636 and 12.
12
What is the greatest common factor of 1925 and 1225?
175
What is the highest common factor of 174 and 54?
6
What is the greatest common divisor of 32 and 1424?
16
What is the highest common divisor of 42 and 112?
14
Calculate the greatest common divisor of 8 and 18.
2
What is the greatest common factor of 48 and 132?
12
Calculate the highest common factor of 640 and 2304.
128
Calculate the greatest common factor of 312 and 2028.
156
What is the greatest common divisor of 8 and 52?
4
Calculate the highest common divisor of 425 and 255.
85
Calculate the highest common divisor of 1470 and 30.
30
Calculate the highest common divisor of 156 and 2860.
52
Calculate the highest common factor of 4255 and 2220.
185
What is the greatest common divisor of 155 and 10385?
155
Calculate the greatest common divisor of 803 and 11.
11
What is the highest common divisor of 128 and 9344?
128
What is the greatest common divisor of 1816 and 24?
8
Calculate the greatest common factor of 420 and 120.
60
Calculate the highest common divisor of 2225 and 50.
25
What is the highest common factor of 1989 and 3393?
117
What is the highest common factor of 34 and 85?
17
What is the greatest common divisor of 116 and 4?
4
What is the greatest common divisor of 312 and 1716?
156
Calculate the highest common factor of 86 and 11653.
43
Calculate the greatest common divisor of 976 and 34.
2
Calculate the highest common divisor of 3 and 5.
1
What is the highest common factor of 525 and 150?
75
What is the greatest common factor of 6 and 237?
3
What is the highest common divisor of 13335 and 210?
105
What is the highest common factor of 745 and 5?
5
What is the highest common factor of 54 and 630?
18
What is the highest common divisor of 318 and 6?
6
Calculate the highest common divisor of 47 and 15557.
47
What is the greatest common factor of 7 and 224?
7
What is the greatest common factor of 112 and 10192?
112
Calculate the highest common factor of 24 and 872.
8
What is the greatest common factor of 18 and 8082?
18
Calculate the greatest common divisor of 377 and 319.
29
What is the highest common divisor of 5 and 1915?
5
What is the highest common divisor of 24 and 1902?
6
What is the greatest common factor of 42 and 4431?
21
What is the greatest common divisor of 280 and 120?
40
What is the greatest common divisor of 1537 and 58?
29
Calculate the highest common factor of 98 and 3038.
98
What is the highest common factor of 6400 and 150?
50
Calculate the greatest common factor of 1127 and 46.
23
What is the greatest common factor of 45 and 90?
45
Calculate the highest common divisor of 20 and 8370.
10
What is the greatest common divisor of 126 and 1722?
42
Calculate the highest common factor of 272 and 17.
17
What is the greatest common divisor of 162 and 126?
18
What is the highest common factor of 360 and 225?
45
Calculate the greatest common factor of 33 and 264.
33
W